{"id":252,"date":"2026-04-19T21:57:54","date_gmt":"2026-04-19T21:57:54","guid":{"rendered":"https:\/\/dev.metisprivatist.no\/?page_id=252"},"modified":"2026-04-19T21:57:54","modified_gmt":"2026-04-19T21:57:54","slug":"nye-regler-for-opptak-til-hoyere-utdanning-2027","status":"publish","type":"page","link":"https:\/\/dev.metisprivatist.no\/?page_id=252","title":{"rendered":"Nye regler for opptak til h\u00f8yere utdanning 2027"},"content":{"rendered":"<article class=\"sections\" id=\"sections\" data-page-sections=\"69594205a125a533bfc57b39\">\n<section\n  data-test=\"page-section\"\n  \n  data-section-theme=\"\"\n  class='page-section \n    \n      full-bleed-section\n      layout-engine-section\n    \n    background-width--full-bleed\n    \n      section-height--medium\n    \n    \n      content-width--wide\n    \n    horizontal-alignment--center\n    vertical-alignment--middle\n    \n      \n    \n    \n    '\n  \n  data-section-id=\"69594231776f543360063a1d\"\n  \n  data-controller=\"SectionWrapperController\"\n  data-current-styles=\"{&quot;imageOverlayOpacity&quot;:0.15,&quot;backgroundWidth&quot;:&quot;background-width--full-bleed&quot;,&quot;sectionHeight&quot;:&quot;section-height--medium&quot;,&quot;customSectionHeight&quot;:10,&quot;horizontalAlignment&quot;:&quot;horizontal-alignment--center&quot;,&quot;verticalAlignment&quot;:&quot;vertical-alignment--middle&quot;,&quot;contentWidth&quot;:&quot;content-width--wide&quot;,&quot;customContentWidth&quot;:50,&quot;sectionTheme&quot;:&quot;&quot;,&quot;sectionAnimation&quot;:&quot;none&quot;,&quot;backgroundMode&quot;:&quot;image&quot;}\"\n  data-current-context=\"{&quot;video&quot;:null,&quot;backgroundImageId&quot;:null,&quot;backgroundMediaEffect&quot;:null,&quot;divider&quot;:null,&quot;typeName&quot;:null}\"\n  data-animation=\"none\"\n  data-fluid-engine-section\n   \n  \n    \n  \n  \n  \n  \n\n\n  data-sqsp-section=\"fluid-engine\"\n\n\n><\/p>\n<div\n    class=\"section-border\"\n    \n  ><\/p>\n<div class=\"section-background\"><\/div>\n<\/p><\/div>\n<div\n    class='content-wrapper'\n    style='\n      \n        \n      \n    '\n  ><\/p>\n<div\n      class=\"content\"\n      \n    ><\/p>\n<div data-fluid-engine=\"true\">\n<style>\n<p>.fe-695942319882f377b1ae82df {\n  --grid-gutter: calc(var(--sqs-mobile-site-gutter, 6vw) - 11.0px);\n  --cell-max-width: calc( ( var(--sqs-site-max-width, 1500px) - (11.0px * (8 - 1)) ) \/ 8 );<\/p>\n<p>  display: grid;\n  position: relative;\n  grid-area: 1\/1\/-1\/-1;\n  grid-template-rows: repeat(4,minmax(24px, auto));\n  grid-template-columns:\n    minmax(var(--grid-gutter), 1fr)\n    repeat(8, minmax(0, var(--cell-max-width)))\n    minmax(var(--grid-gutter), 1fr);\n  row-gap: 11.0px;\n  column-gap: 11.0px;\n  overflow-x: hidden;\n  overflow-x: clip;\n}<\/p>\n<p>@media (min-width: 768px) {\n  .background-width--inset .fe-695942319882f377b1ae82df {\n    --inset-padding: calc(var(--sqs-site-gutter) * 2);\n  }<\/p>\n<p>  .fe-695942319882f377b1ae82df {\n    --grid-gutter: calc(var(--sqs-site-gutter, 4vw) - 11.0px);\n    --cell-max-width: calc( ( var(--sqs-site-max-width, 1500px) - (11.0px * (24 - 1)) ) \/ 24 );\n    --inset-padding: 0vw;<\/p>\n<p>    --row-height-scaling-factor: 0.0215;\n    --container-width: min(var(--sqs-site-max-width, 1500px), calc(100vw - var(--sqs-site-gutter, 4vw) * 2 - var(--inset-padding) ));<\/p>\n<p>    grid-template-rows: repeat(56,minmax(calc(var(--container-width) * var(--row-height-scaling-factor)), auto));\n    grid-template-columns:\n      minmax(var(--grid-gutter), 1fr)\n      repeat(24, minmax(0, var(--cell-max-width)))\n      minmax(var(--grid-gutter), 1fr);\n  }\n}<\/p>\n<p>  .fe-block-yui_3_17_2_1_1767457319177_21768 {\n    grid-area: 1\/2\/3\/10;\n    z-index: 2;<\/p>\n<p>    @media (max-width: 767px) {<\/p>\n<p>    }\n  }<\/p>\n<p>  .fe-block-yui_3_17_2_1_1767457319177_21768 .sqs-block {\n    justify-content: flex-start;\n  }<\/p>\n<p>  .fe-block-yui_3_17_2_1_1767457319177_21768 .sqs-block-alignment-wrapper {\n    align-items: flex-start;\n  }<\/p>\n<p>  @media (min-width: 768px) {\n    .fe-block-yui_3_17_2_1_1767457319177_21768 {\n      grid-area: 1\/4\/3\/24;\n      z-index: 2;<\/p>\n<p>    }<\/p>\n<p>    .fe-block-yui_3_17_2_1_1767457319177_21768 .sqs-block {\n      justify-content: flex-start;\n    }<\/p>\n<p>    .fe-block-yui_3_17_2_1_1767457319177_21768 .sqs-block-alignment-wrapper {\n      align-items: flex-start;\n    }\n  }<\/p>\n<p>  .fe-block-yui_3_17_2_1_1767457319177_8729 {\n    grid-area: 3\/2\/5\/10;\n    z-index: 1;<\/p>\n<p>    @media (max-width: 767px) {<\/p>\n<p>    }\n  }<\/p>\n<p>  .fe-block-yui_3_17_2_1_1767457319177_8729 .sqs-block {\n    justify-content: flex-start;\n  }<\/p>\n<p>  .fe-block-yui_3_17_2_1_1767457319177_8729 .sqs-block-alignment-wrapper {\n    align-items: flex-start;\n  }<\/p>\n<p>  @media (min-width: 768px) {\n    .fe-block-yui_3_17_2_1_1767457319177_8729 {\n      grid-area: 4\/4\/54\/24;\n      z-index: 1;<\/p>\n<p>    }<\/p>\n<p>    .fe-block-yui_3_17_2_1_1767457319177_8729 .sqs-block {\n      justify-content: flex-start;\n    }<\/p>\n<p>    .fe-block-yui_3_17_2_1_1767457319177_8729 .sqs-block-alignment-wrapper {\n      align-items: flex-start;\n    }\n  }<\/p>\n<\/style>\n<div class=\"fluid-engine fe-695942319882f377b1ae82df\">\n<div class=\"fe-block fe-block-yui_3_17_2_1_1767457319177_21768\">\n<div class=\"sqs-block website-component-block sqs-block-website-component sqs-block-html html-block\" data-block-css=\"[&quot;https:\/\/definitions.sqspcdn.com\/website-component-definition\/static-assets\/website.components.html\/8636d61b-54e9-4d33-8bb8-0228d44c3611_445\/website.components.html.styles.css&quot;]\" data-block-scripts=\"[&quot;https:\/\/definitions.sqspcdn.com\/website-component-definition\/static-assets\/website.components.html\/8636d61b-54e9-4d33-8bb8-0228d44c3611_445\/website.components.html.visitor.js&quot;]\" data-block-type=\"1337\" data-definition-name=\"website.components.html\" data-sqsp-block=\"text\" data-website-component-id=\"yui_3_17_2_1_1767457319177_21768\" id=\"block-yui_3_17_2_1_1767457319177_21768\">\n<div class=\"sqs-block-content\">\n<div class=\"sqs-html-content\" data-sqsp-text-block-content>\n<h1 style=\"white-space:pre-wrap;\">Nye regler for opptak til h\u00f8yere utdanning<\/h1>\n<\/div>\n<\/div>\n<\/div>\n<\/div>\n<div class=\"fe-block fe-block-yui_3_17_2_1_1767457319177_8729\">\n<div class=\"sqs-block website-component-block sqs-block-website-component sqs-block-html html-block\" data-block-css=\"[&quot;https:\/\/definitions.sqspcdn.com\/website-component-definition\/static-assets\/website.components.html\/8636d61b-54e9-4d33-8bb8-0228d44c3611_445\/website.components.html.styles.css&quot;]\" data-block-scripts=\"[&quot;https:\/\/definitions.sqspcdn.com\/website-component-definition\/static-assets\/website.components.html\/8636d61b-54e9-4d33-8bb8-0228d44c3611_445\/website.components.html.visitor.js&quot;]\" data-block-type=\"1337\" data-definition-name=\"website.components.html\" data-sqsp-block=\"text\" data-website-component-id=\"yui_3_17_2_1_1767457319177_8729\" id=\"block-yui_3_17_2_1_1767457319177_8729\">\n<div class=\"sqs-block-content\">\n<div class=\"sqs-html-content\" data-sqsp-text-block-content>\n<h3 style=\"white-space:pre-wrap;\">N\u00e5r trer de nye reglene i kraft?<\/h3>\n<p class=\"\" style=\"white-space:pre-wrap;\">Kunnskapsdepartementet har vedtatt en ny opptaksforskrift som trer i kraft <strong>1. januar 2027<\/strong>. Det betyr at den gjelder fra og med <strong>opptaket til studie\u00e5ret 2027\/2028<\/strong>.<\/p>\n<p class=\"\" style=\"white-space:pre-wrap;\">Den nye forskriften inneholder store endringer i hvordan opptak til h\u00f8yere utdanning skal fungere fremover. For noen av de st\u00f8rste endringene finnes det <strong>overgangsordninger<\/strong>, slik at de f\u00f8rst gjelder fra <strong>opptaket 2028\/2029<\/strong> (dette gjelder blant annet endringer i tilleggspoeng).<\/p>\n<p class=\"\" style=\"white-space:pre-wrap;\">Lenger ned finner du en oversikt over hva som innf\u00f8res n\u00e5r. Denne teksten tar for seg noen av de viktigste endringene. For alle endringer, se <strong>Ny forskrift om opptak til h\u00f8gare utdanning (opptaksforskrifta)<\/strong>.<\/p>\n<p class=\"\" style=\"white-space:pre-wrap;\">Kilde: Kunnskapsdepartementet \u2013 <em>Slik blir de nye reglene for opptak til h\u00f8yere utdanning<\/em>.<\/p>\n<h3 style=\"white-space:pre-wrap;\">De nye reglene gjelder ikke for opptaket i 2026<\/h3>\n<p class=\"\" style=\"white-space:pre-wrap;\"><strong>Ingen av endringene trer i kraft til opptak til studie\u00e5ret 2026\/2027.<\/strong> Det kan bli gjort mindre endringer i forskriften som gjelder for 2026\/2027, men disse er i s\u00e5 fall ikke vedtatt enn\u00e5 og er ikke omtalt her. Endringene under kan tidligst gjelde fra <strong>2027\/2028<\/strong>.<\/p>\n<h3 style=\"white-space:pre-wrap;\">Endringer fra opptaket til studie\u00e5ret 2027\/2028<\/h3>\n<ul data-rte-list=\"default\">\n<li>\n<p class=\"\" style=\"white-space:pre-wrap;\"><strong>23\/5-regelen endres:<\/strong> Det blir ikke lenger krav om praksis for opptak basert p\u00e5 bare de seks fellesfagene (ny <strong>23\/6-regel<\/strong> erstatter dagens 23\/5-regel).<\/p>\n<\/li>\n<li>\n<p class=\"\" style=\"white-space:pre-wrap;\"><strong>S\u00e6rskilt vurdering avvikles:<\/strong> Ordningen med rangering basert p\u00e5 s\u00e6rskilt vurdering fjernes.<\/p>\n<\/li>\n<li>\n<p class=\"\" style=\"white-space:pre-wrap;\"><strong>Rangerende opptakspr\u00f8ver:<\/strong> Universiteter og h\u00f8yskoler kan ta i bruk tre modeller uten \u00e5 s\u00f8ke departementet.<\/p>\n<\/li>\n<li>\n<p class=\"\" style=\"white-space:pre-wrap;\"><strong>Kj\u00f8nnskvoter:<\/strong> Utdanningsinstitusjoner kan s\u00f8ke om kvoter for begge kj\u00f8nn p\u00e5 studier med stor kj\u00f8nnsubalanse.<\/p>\n<\/li>\n<li>\n<p class=\"\" style=\"white-space:pre-wrap;\"><strong>Poenglikhet avgj\u00f8res ved loddtrekning<\/strong>, ikke alder.<\/p>\n<\/li>\n<\/ul>\n<h3 style=\"white-space:pre-wrap;\">Endringer fra opptaket til studie\u00e5ret 2028\/2029<\/h3>\n<ul data-rte-list=\"default\">\n<li>\n<p class=\"\" style=\"white-space:pre-wrap;\"><strong>F\u00f8rstegangsvitnem\u00e5lskvoten:<\/strong> \u00d8vre aldersgrense \u00f8kes fra <strong>21 til 23 \u00e5r<\/strong>, og kvoten \u00f8kes fra <strong>50 til 65 %<\/strong>.<\/p>\n<\/li>\n<li>\n<p class=\"\" style=\"white-space:pre-wrap;\"><strong>Realfagspoeng halveres:<\/strong> Programfag i realfag (140 timer) gir <strong>0,25 poeng<\/strong>. <strong>R2 og fysikk 2<\/strong> gir <strong>0,5 poeng<\/strong>.<\/p>\n<\/li>\n<li>\n<p class=\"\" style=\"white-space:pre-wrap;\"><strong>Tilleggspoeng for milit\u00e6r f\u00f8rstegangstjeneste og siviltjeneste halveres<\/strong>, fra <strong>2 til 1<\/strong>.<\/p>\n<\/li>\n<li>\n<p class=\"\" style=\"white-space:pre-wrap;\"><strong>Tilleggspoeng for alder, h\u00f8yere utdanning, fagskole og folkeh\u00f8yskole avvikles.<\/strong><\/p>\n<\/li>\n<li>\n<p class=\"\" style=\"white-space:pre-wrap;\"><strong>Spr\u00e5kpoeng og tilleggspoeng for naturbruk avvikles.<\/strong><\/p>\n<\/li>\n<li>\n<p class=\"\" style=\"white-space:pre-wrap;\">Det innf\u00f8res <strong>tilleggspoeng for s\u00f8kere som har samisk som f\u00f8rstespr\u00e5k<\/strong> i videreg\u00e5ende oppl\u00e6ring.<\/p>\n<\/li>\n<li>\n<p class=\"\" style=\"white-space:pre-wrap;\"><strong>Kj\u00f8nnspoeng avvikles.<\/strong><\/p>\n<\/li>\n<li>\n<p class=\"\" style=\"white-space:pre-wrap;\"><strong>Dobbeltrangering fjernes:<\/strong> Har du fullt vitnem\u00e5l kan du ikke i tillegg behandles etter 23\/6 (tidligere 23\/5) for \u00e5 f\u00e5 annen poengsum.<\/p>\n<\/li>\n<li>\n<p class=\"\" style=\"white-space:pre-wrap;\">Det blir endringer i hvem som kan konkurrere i <strong>kvote for samisk spr\u00e5kkompetanse<\/strong>.<\/p>\n<\/li>\n<li>\n<p class=\"\" style=\"white-space:pre-wrap;\">Krav om <strong>geografisk tilknytning<\/strong> ved opptak til desentraliserte deltidsutdanninger oppheves.<\/p>\n<\/li>\n<\/ul>\n<h3 style=\"white-space:pre-wrap;\">Store endringer i tilleggspoeng<\/h3>\n<p class=\"\" style=\"white-space:pre-wrap;\">Tilleggspoeng st\u00e5r ikke p\u00e5 vitnem\u00e5let. De legges til n\u00e5r poengsummen beregnes ved opptak. N\u00e5r reglene endres, gjelder de <strong>for alle som s\u00f8ker fra og med det aktuelle opptaket<\/strong>, uansett n\u00e5r man gikk p\u00e5 videreg\u00e5ende.<\/p>\n<h3 style=\"white-space:pre-wrap;\">Tilleggspoeng og fagvalg i Vg2\/Vg3<\/h3>\n<p class=\"\" style=\"white-space:pre-wrap;\">Tilleggspoengene som fjernes eller halveres har betydning for fagvalg i <strong>Vg2 og Vg3<\/strong>, s\u00e6rlig programfag i spr\u00e5k og realfag.<\/p>\n<p class=\"\" style=\"white-space:pre-wrap;\">Endringene gjelder for <strong>alle som s\u00f8ker fra og med opptaket til 2028\/2029<\/strong>, uavhengig av n\u00e5r de fullf\u00f8rte videreg\u00e5ende.<\/p>\n<ul data-rte-list=\"default\">\n<li>\n<p class=\"\" style=\"white-space:pre-wrap;\"><strong>Elever som n\u00e5 g\u00e5r i Vg1 (2025\/2026):<\/strong> De kan tidligst s\u00f8ke opptak til <strong>2028\/2029<\/strong>, og da gjelder de nye reglene om tilleggspoeng. Det betyr at de b\u00f8r ta hensyn til dette n\u00e5r de v\u00e5ren <strong>2026<\/strong> s\u00f8ker programfag i Vg2.<\/p>\n<\/li>\n<li>\n<p class=\"\" style=\"white-space:pre-wrap;\"><strong>Elever som n\u00e5 g\u00e5r i Vg2:<\/strong> De kan tidligst s\u00f8ke opptak til <strong>2027\/2028<\/strong>, og da gjelder dagens regler for tilleggspoeng. Men hvis de s\u00f8ker f\u00f8rst til <strong>2028\/2029<\/strong> eller senere, gjelder de nye reglene.<\/p>\n<\/li>\n<li>\n<p class=\"\" style=\"white-space:pre-wrap;\"><strong>Elever som n\u00e5 g\u00e5r i Vg3:<\/strong> De kan tidligst s\u00f8ke opptak til <strong>2026\/2027<\/strong>, og da gjelder dagens regler. Det samme gjelder dersom de s\u00f8ker i <strong>2027\/2028<\/strong>. Men s\u00f8ker de f\u00f8rst til <strong>2028\/2029<\/strong> eller senere, gjelder de nye reglene om tilleggspoeng.<\/p>\n<\/li>\n<\/ul>\n<h3 style=\"white-space:pre-wrap;\">Hvem gjelder reglene for?<\/h3>\n<p class=\"\" style=\"white-space:pre-wrap;\">N\u00e5r reglene trer i kraft, gjelder de <strong>alle som s\u00f8ker opptak fra dette tidspunktet<\/strong>, uansett n\u00e5r man fullf\u00f8rte videreg\u00e5ende eller hvilke regler som gjaldt da man s\u00f8kte f\u00f8rste gang.<\/p>\n<p class=\"\" style=\"white-space:pre-wrap;\">De som g\u00e5r i <strong>Vg1 skole\u00e5ret 2025\/2026<\/strong> er f\u00f8rste kull som etter forskriften vil f\u00e5 tilleggspoeng etter de nye reglene. Men ogs\u00e5 de som har fullf\u00f8rt videreg\u00e5ende tidligere, f\u00e5r tilleggspoeng beregnet etter de nye reglene hvis de f\u00f8rst s\u00f8ker opptak v\u00e5ren <strong>2028<\/strong> (til studie\u00e5ret <strong>2028\/2029<\/strong>).<\/p>\n<p class=\"\" style=\"white-space:pre-wrap;\">Hvis du vil, kan jeg ogs\u00e5:<\/p>\n<ul data-rte-list=\"default\">\n<li>\n<p class=\"\" style=\"white-space:pre-wrap;\">gj\u00f8re den enda kortere (typ \u201cFAQ-stil\u201d), eller<\/p>\n<\/li>\n<li>\n<p class=\"\" style=\"white-space:pre-wrap;\">lage en versjon med tydelige mellomtitler og \u201ckort oppsummert\u201d-bokser til nettsiden.<\/p>\n<\/li>\n<\/ul>\n<p class=\"\" data-rte-preserve-empty=\"true\" style=\"white-space:pre-wrap;\">\n<p class=\"\" style=\"white-space:pre-wrap;\"><a href=\"https:\/\/www.samordnaopptak.no\/universitet-og-hogskole\/aktuelt\/nye-regler-for-opptak-til-hoyere-utdanning.html\" target=\"_blank\">P\u00e5 nettsiden til Samordna Opptak kan du finne enda mer informasjon.<\/a><\/p>\n<\/div>\n<\/div>\n<\/div>\n<\/div>\n<\/div>\n<\/div><\/div>\n<\/p><\/div>\n<\/section>\n<\/article>\n","protected":false},"excerpt":{"rendered":"<p>Nye regler for opptak til h\u00f8yere utdanning N\u00e5r trer de nye reglene i kraft? Kunnskapsdepartementet har vedtatt en ny opptaksforskrift som trer i kraft 1. januar 2027. Det betyr at den gjelder fra og med opptaket til studie\u00e5ret 2027\/2028. Den nye forskriften inneholder store endringer i hvordan opptak til h\u00f8yere utdanning skal fungere fremover. For [&hellip;]<\/p>\n","protected":false},"author":1,"featured_media":0,"parent":0,"menu_order":0,"comment_status":"closed","ping_status":"closed","template":"","meta":{"footnotes":""},"class_list":["post-252","page","type-page","status-publish","hentry"],"_links":{"self":[{"href":"https:\/\/dev.metisprivatist.no\/index.php?rest_route=\/wp\/v2\/pages\/252","targetHints":{"allow":["GET"]}}],"collection":[{"href":"https:\/\/dev.metisprivatist.no\/index.php?rest_route=\/wp\/v2\/pages"}],"about":[{"href":"https:\/\/dev.metisprivatist.no\/index.php?rest_route=\/wp\/v2\/types\/page"}],"author":[{"embeddable":true,"href":"https:\/\/dev.metisprivatist.no\/index.php?rest_route=\/wp\/v2\/users\/1"}],"replies":[{"embeddable":true,"href":"https:\/\/dev.metisprivatist.no\/index.php?rest_route=%2Fwp%2Fv2%2Fcomments&post=252"}],"version-history":[{"count":0,"href":"https:\/\/dev.metisprivatist.no\/index.php?rest_route=\/wp\/v2\/pages\/252\/revisions"}],"wp:attachment":[{"href":"https:\/\/dev.metisprivatist.no\/index.php?rest_route=%2Fwp%2Fv2%2Fmedia&parent=252"}],"curies":[{"name":"wp","href":"https:\/\/api.w.org\/{rel}","templated":true}]}}